ommon factor of 13321 and 539.
77
What is the greatest common divisor of 138 and 90068?
46
What is the greatest common factor of 101750 and 1210?
110
Calculate the highest common factor of 91655 and 6785.
115
What is the greatest common divisor of 4940 and 9620?
260
What is the highest common factor of 4500 and 116625?
375
What is the highest common factor of 418251 and 12093?
417
Calculate the highest common factor of 2 and 1790578.
2
Calculate the greatest common divisor of 660 and 57948.
132
Calculate the greatest common factor of 6090 and 493.
29
Calculate the greatest common factor of 42 and 86.
2
What is the highest common factor of 3723 and 383112?
51
What is the highest common factor of 2025 and 16605?
405
What is the highest common factor of 2483 and 30560?
191
Calculate the highest common divisor of 951833 and 8451.
313
What is the highest common factor of 571 and 460797?
571
What is the greatest common factor of 13 and 4002934?
13
Calculate the highest common factor of 230 and 3004076.
46
Calculate the highest common divisor of 32864 and 5408.
416
What is the greatest common factor of 1969 and 1507?
11
Calculate the greatest common factor of 2083271 and 23.
23
What is the highest common divisor of 26228 and 1328?
332
What is the greatest common divisor of 1146617 and 61?
61
What is the greatest common divisor of 53838 and 216?
54
Calculate the greatest common divisor of 64 and 367712.
32
What is the greatest common divisor of 6586 and 25271?
37
Calculate the highest common divisor of 1295311 and 335.
67
What is the greatest common divisor of 20 and 3718300?
20
What is the greatest common divisor of 12627 and 74664?
549
What is the highest common divisor of 1540 and 18172?
308
What is the greatest common divisor of 207 and 11523?
69
What is the highest common divisor of 241340 and 12980?
220
What is the greatest common factor of 459 and 4509?
27
What is the highest common divisor of 128684 and 636?
212
Calculate the highest common factor of 66 and 4587.
33
Calculate the highest common factor of 1076 and 320.
4
What is the greatest common factor of 66932 and 5193?
577
Calculate the greatest common factor of 16 and 20528.
16
Calculate the greatest common divisor of 4279 and 678416.
389
Calculate the greatest common factor of 1208 and 22650.
302
Calculate the highest common factor of 6878080 and 352.
352
What is the highest common factor of 21470 and 8360?
190
What is the greatest common factor of 1944 and 2808?
216
What is the highest common divisor of 198330 and 440?
110
What is the highest common factor of 2385 and 1944?
9
What is the greatest common factor of 516 and 7052?
172
What is the highest common factor of 4565 and 5610?
55
Calculate the highest common factor of 7263 and 351.
27
What is the highest common factor of 73 and 102200?
73
Calculate the greatest common divisor of 9250 and 13625.
125
What is the greatest common divisor of 162 and 165402?
162
What is the highest common factor of 30168 and 24?
24
Calculate the greatest common divisor of 923175 and 91575.
2475
Calculate the greatest common factor of 476 and 58051.
7
What is the highest common divisor of 61038 and 144?
18
Calculate the greatest common factor of 33497 and 157681.
817
Calculate the greatest common factor of 432159 and 1365.
273
What is the greatest common divisor of 697012 and 1084?
1084
What is the highest common factor of 315888 and 48?
48
What is the greatest common divisor of 20131 and 22427?
41
What is the greatest common divisor of 2013 and 1991?
11
Calculate the greatest common factor of 310985 and 259.
37
What is the greatest common factor of 87821 and 106?
53
Calculate the highest common factor of 2746198 and 191.
191
Calculate the highest common divisor of 540 and 115.
5
Calculate the greatest common factor of 2698 and 152.
38
Calculate the highest common factor of 5217 and 4089.
141
Calculate the highest common factor of 365992 and 88.
88
Calculate the highest common divisor of 150 and 811590.
30
Calculate the highest common factor of 369 and 192249.
369
Calculate the greatest common factor of 148 and 87764.
148
Calculate the highest common divisor of 14632 and 1121.
59
What is the greatest common factor of 4223 and 1271?
41
Calculate the greatest common divisor of 79408 and 1744.
16
What is the greatest common factor of 488640 and 384?
192
Calculate the greatest common divisor of 55908 and 666.
18
Calculate the greatest common factor of 533 and 30914.
533
Calculate the greatest common factor of 106499 and 843.
281
Calculate the highest common factor of 174650 and 175.
175
What is the highest common factor of 242214 and 126?
42
What is the greatest common divisor of 990 and 46332?
198
Calculate the greatest common factor of 125 and 189325.
25
What is the highest common divisor of 320 and 35200?
320
What is the greatest common factor of 1672 and 722?
38
What is the greatest common factor of 216 and 136008?
72
Calculate the greatest common factor of 66 and 144474.
66
What is the greatest common factor of 609 and 264828?
87
What is the greatest common factor of 59785 and 1?
1
Calculate the highest common factor of 20 and 105755.
5
Calculate the highest common factor of 14466 and 48.
6
What is the greatest common divisor of 1505 and 3955?
35
Calculate the greatest common factor of 5423 and 935.
187
Calculate the highest common divisor of 4047 and 451915.
1349
What is the highest common factor of 804084 and 444?
444
What is the highest common factor of 44 and 3104156?
44
What is the greatest common factor of 878 and 34?
2
Calculate the highest common factor of 121 and 12683.
11
Calculate the highest common factor of 52472 and 280.
56
What is the highest common factor of 252 and 1708?
28
What is the greatest common divisor of 335150 and 70?
10
Calculate the highest common factor of 240 and 341520.
240
Calculate the highest common factor of 24 and 97503.
3
Calculate the greatest common divisor of 132 and 44388.
12
Calculate the greatest common factor of 384606 and 46.
46
What is the greatest common divisor of 224 and 581?
7
What is the highest common divisor of 80613 and 18?
9
Calculate the highest common factor of 50032 and 590.
118
What is the greatest common factor of 8645 and 10735?
95
Calculate the greatest common divisor of 1469260 and 1040.
260
Calculate the highest common factor of 283432 and 568.
568
What is the highest common divisor of 63 and 229446?
63
Calculate the highest common factor of 594 and 729014.
22
What is the greatest common divisor of 88452 and 28?
28
What is the highest common factor of 238090 and 250?
10
Calculate the greatest common factor of 15311 and 12801.
251
What is the highest common factor of 7141 and 6549?
37
What is the highest common divisor of 16416981 and 7?
7
Calculate the highest common divisor of 4328 and 863977.
541
Calculate the highest common divisor of 263885 and 89.
89
Calculate the greatest common divisor of 574709 and 279.
31
Calculate the highest common divisor of 43667 and 91.
13
Calculate the highest common divisor of 5597 and 4031.
29
Calculate the greatest common divisor of 1435 and 1029.
7
What is the highest common factor of 36855 and 19227?
39
What is the greatest common divisor of 16 and 11068?
4
Calculate the highest common divisor of 1599 and 12.
3
Calculate the highest common divisor of 44 and 41426.
22
Calculate the greatest common factor of 424 and 3472.
8
What is the highest common divisor of 234 and 1067625?
117
Calculate the highest common factor of 104924 and 884.
68
Calculate the greatest common factor of 17303 and 143.
143
Calculate the highest common factor of 1419 and 50181.
129
Calculate the highest common divisor of 714 and 3066.
42
What is the greatest common factor of 280 and 3191720?
280
Calculate the greatest common divisor of 480 and 30860.
20
Calculate the greatest common divisor of 200 and 643928.
8
What is the highest common divisor of 90 and 124290?
90
Calculate the greatest common factor of 105 and 6692.
7
What is the greatest common divisor of 27540 and 466344?
1836
Calculate the highest common divisor of 76823 and 272.
17
What is the greatest common factor of 8 and 24472?
8
What is the highest common divisor of 262199 and 49?
49
What is the highest common factor 